is 2 - 1031?
-1025
In base 13, what is -30 - 31?
-61
In base 16, what is -3 + bc?
b9
In base 9, what is 7 - 808?
-801
In base 5, what is -3 + -410?
-413
In base 14, what is -2 - -3a7?
3a5
In base 8, what is 2646 - -3?
2651
In base 12, what is 8 + -25?
-19
In base 15, what is 1 + 464?
465
In base 14, what is -16 - -3a?
24
In base 8, what is -20 + 422?
402
In base 7, what is -116 - 10?
-126
In base 9, what is -2 + -473?
-475
In base 3, what is -10 + -2002?
-2012
In base 12, what is 22 + 0?
22
In base 6, what is 505 - 14?
451
In base 11, what is 6 + 83?
89
In base 9, what is -424 - 8?
-433
In base 3, what is -10101012 - 20?
-10101102
In base 2, what is -111 + -1000011?
-1001010
In base 14, what is 3c + 2?
40
In base 16, what is -3 + 244?
241
In base 4, what is 1 - -3002?
3003
In base 13, what is -5 + -687?
-68c
In base 11, what is 16 + 7?
22
In base 7, what is 343 - -31?
404
In base 12, what is 8 - -80?
88
In base 15, what is 9 + -39?
-30
In base 12, what is -1b7 + 19?
-19a
In base 7, what is -1041 - -4?
-1034
In base 4, what is -1113 - -101?
-1012
In base 10, what is 6 + 165?
171
In base 16, what is -3 + -34d?
-350
In base 2, what is -11100011001 - -100?
-11100010101
In base 10, what is 180 - 0?
180
In base 13, what is -3 - -6b8?
6b5
In base 4, what is 1 - -131?
132
In base 4, what is 103 + 2?
111
In base 16, what is 105f - -2?
1061
In base 8, what is 63367 + -4?
63363
In base 5, what is 2201 + 10?
2211
In base 11, what is -12 + 175?
163
In base 5, what is -203140 + 3?
-203132
In base 8, what is 1472 - -3?
1475
In base 15, what is -61 - 5?
-66
In base 16, what is 6d - 6?
67
In base 4, what is -10021 + 10?
-10011
In base 14, what is -5 - 27?
-2c
In base 8, what is -5 + 1271?
1264
In base 10, what is 5 + -115?
-110
In base 13, what is 13 - -232?
245
In base 16, what is -3 - 163?
-166
In base 4, what is 230 + -3132?
-2302
In base 9, what is 12182 + 2?
12184
In base 4, what is -11 + -2230?
-2301
In base 3, what is -2 - 21001?
-21010
In base 9, what is 141 + -14?
126
In base 9, what is -12685 - 2?
-12687
In base 16, what is 59 + -1?
58
In base 6, what is -204 + -10?
-214
In base 13, what is 335 + 5?
33a
In base 10, what is -783 + -5?
-788
In base 11, what is -198 - -a?
-189
In base 9, what is 0 + -31?
-31
In base 13, what is -36 - 9?
-42
In base 12, what is 27 - 23?
4
In base 15, what is -e50 - -4?
-e4b
In base 11, what is -1 + -83?
-84
In base 6, what is 3 - 550?
-543
In base 8, what is -152 + 5?
-145
In base 9, what is -110 - 34?
-144
In base 10, what is 5 - 117?
-112
In base 11, what is 51 + 5?
56
In base 2, what is 1100111010 + 100?
1100111110
In base 8, what is 2 - 21?
-17
In base 6, what is -3201 + 5?
-3152
In base 5, what is -1 + -100004?
-100010
In base 10, what is 113 - 9?
104
In base 2, what is 100 - -110011000?
110011100
In base 7, what is -5 - 51?
-56
In base 7, what is 14 + 2?
16
In base 11, what is 21 + -25?
-4
In base 10, what is -447 + -14?
-461
In base 12, what is -14 + 6?
-a
In base 11, what is 6 - 185?
-17a
In base 4, what is 2101 - 10?
2031
In base 11, what is 8 + -10?
-3
In base 11, what is -137 - 2?
-139
In base 13, what is 51 + 31?
82
In base 10, what is 74 + -5?
69
In base 4, what is -10 - 3330?
-10000
In base 15, what is -304 + 26?
-2cd
In base 12, what is -b0 + 0?
-b0
In base 2, what is -1001100100011001 - -100?
-1001100100010101
In base 8, what is 0 + 373?
373
In base 13, what is 3 + 9?
c
In base 12, what is -4 - -1095?
1091
In base 12, what is -2 + -567?
-569
In base 16, what is -2 - -a5a?
a58
In base 9, what is -276 + 4?
-272
In base 14, what is -7a - 2?
-7c
In base 10, what is -5 - 2313?
-2318
In base 9, what is 52 + 1?
53
In base 11, what is 946 - 3?
943
In base 5, what is -4 + 231?
222
In base 12, what is -1 - 265?
-266
In base 15, what is 5 - -140?
145
In base 5, what is 334 + -304?
30
In base 9, what is 3 - 658?
-655
In base 13, what is 54 + 10?
64
In base 8, what is -3 - 71?
-74
In base 16, what is -13 + -179?
-18c
In base 10, what is 33 - 298?
-265
In base 16, what is -4 - -1f?
1b
In base 4, what is 1122 + -10?
1112
In base 15, what is -2612 + 2?
-2610
In base 3, what is -102022 + 12?
-102010
In base 9, what is 16 - 240?
-223
In base 15, what is -1 - -5a?
59
In base 11, what is 1 + -18?
-17
In base 16, what is 38 + 1f?
57
In base 14, what is -5 - ab6?
-abb
In base 10, what is 5 - 1725?
-1720
In base 4, what is 31122 + -2?
31120
In base 13, what is 256 - -5?
25b
In base 6, what is -33 + 2?
-31
In base 7, what is -21 + 316?
265
In base 10, what is 5 + 19?
24
In base 12, what is -19 - 7?
-24
In base 10, what is 622 + 3?
625
In base 16, what is 2 - -31?
33
In base 11, what is -1 + 70?
6a
In base 12, what is 0 + -137?
-137
In base 9, what is -4 - 1155?
-1160
In base 15, what is 4 + -6c?
-68
In base 9, what is -4 - -63?
58
In base 4, what is 10010 + 3?
10013
In base 10, what is 1 + 62?
63
In base 13, what is 0 - -2?
2
In base 10, what is 27 + 0?
27
In base 13, what is 1a + -115?
-c8
In base 5, what is -101 + 4?
-42
In base 10, what is -5 - -389?
384
In base 16, what is 2 + 33a?
33c
In base 13, what is 25 - -67?
8c
In base 14, what is -1 - -82?
81
In base 8, what is 0 - -20?
20
In base 9, what is -4 + -47?
-52
In base 9, what is 5 - 4850?
-4844
In base 11, what is 0 + -2a97?
-2a97
In base 6, what is 35 + 1232?
1311
In base 3, what is -11 + 2021?
2010
In base 16, what is -6 + 2a?
24
In base 3, what is 21110001 - 12?
21102212
In base 7, what is 4 - 606?
-602
In base 5, what is -31 + -12?
-43
In base 6, what is 15 + 131?
150
In base 7, what is -15 + 33?
15
In base 16, what is 19c0 + -1?
19bf
In base 16, what is -5 + 782?
77d
In base 6, what is -1 + 50422?
50421
In base 6, what is -44 + -3?
-51
In base 4, what is -22211 + 12?
-22133
In base 10, what is 1470 + 17?
1487
In base 4, what is -1 - -213?
212
In base 6, what is 5 - -21533?
21542
In base 10, what is -4 + -489?
-493
In base 3, what is 11 - 20?
-2
In base 14, what is 0 + -441?
-441
In base 7, what is 1 - 11?
-10
In base 2, what is 10 - -100010?
100100
In base 3, what is -1100111 + -2?
-1100120
In base 11, what is 9 + 196?
1a4
In base 13, what is 3 - -99?
9c
In base 10, what is 15 + -18?
-3
In base 5, what is 4404 - 2?
4402
In base 3, what is -10211 - -1201?
-2010
In base 11, what is 1 - -5063?
5064
In base 7, what is 1331 - 0?
1331
In base 6, what is -1 - 15441?
-15442
In base 5, what is 3 + -40?
-32
In base 13, what is -5 + -26?
-2b
In base 10, what is 13 + -20?
-7
In base 7, what is -2 - -213?
211
In base 6, what is 1 + -15?
-14
In base 15, what is -127 - -c?
-11a
In base 10, what is 4 - -18?
22
In base 9, what is -17312 + 3?
-17308
In base 15, what is -663 + -5?
-668
In base 12, what is -2a5 - -5?
-2a0
In base 2, what is 11000 - 0?
11000
In base 6, what is 103 - 1204?
-1101
In base 4, what is 10 + -23?
-13
In base 6, what is -2 + -100?
-102
In base 3, what is -1 + 210212?
210211
In base 9, what is -505 - -1?
-504
In base 14, what is 38 - -11?
49
In base 13, what is -3 - -178?
175
In base 16, what is -23 + 11?
-12
In base 10, what is 0 - -7?
7
In base 2, what is -1110001 - -1?
-1110000
In base 3, what is -2200222 + 11?
-2200211
In base 13, what is -9c + a3?
4
In base 12, what is -4 + 1b6?
1b2
In base 5, what is -41123 - 4?
-41132
In base 11, what is -4 - 3a9?
-402
In base 10, what is 1 + 4?
5
In base 16, what is 10 - -6?
16
In base 12, what is 13 + -14?
-1
In base 10, what is -737 - 25?
-762
In base 2, what is 11 + -1000?
-101
In base 16, what is 5 - 3e?
-39
In base 3, what is -1222020 - -10?
-1222010
In base 15, what is -19 - 4b?
-65
In base 15, what is 4 - -15c?
161
In base 6, what is -43 - -350?
303
In base 8, what is -2 - -33?
31
In base 14, what is -3 - -11c?
119
In base 16, what is -6 - 1c?
-22
In base 3, what is 2 + -101002?
-101000
In base 3, what is 122112 - -10?
122122
In base 3, what is -2111 - 2?
-2120
In base 12, what is 170 - -71?
221
In base 4, what is 20330 + 0?
20330
In base 2, what is -11 + 1011110001?
1011101110
In base 14, what is -2 - 540?
-542
In base 9, what is -23 - 3?
-26
In base 6, what is -4 - -132?
124
In base 2, what is -11110101 - -101?
-11110000
In base 13, what is -17b + 1c?
-15c
In base 4, what is 2232 + -2002?
230
In base 11, what is -11a - -16?
-104
In base 14, what is -4 + 12?
c
In base 3, what is 11 + -1101?
-1020
In base 6, w